 + 1. Determine s(3).
70
Let a(z) = z**3 - 5*z**2 + 8*z - 11. Give a(4).
5
Let u(t) = -3*t - 38. Calculate u(7).
-59
Let i(s) = s**3 - 8*s**2 + 9*s + 10. Give i(7).
24
Let k(u) = -u**3 + 7*u**2 - 18*u + 2. Give k(5).
-38
Let p(b) = b**2 + 55*b - 511. Give p(8).
-7
Let x(v) = -17*v - 33. Calculate x(-10).
137
Let c(g) = -10*g**2 + 16*g - 46. What is c(4)?
-142
Let a(c) = -7*c**3 + 4*c**2 + 8*c + 3. Calculate a(-1).
6
Let g(x) = -15*x**2 + 3*x. Determine g(2).
-54
Let s(d) = -8*d + 22. What is s(-5)?
62
Let m(t) = 5*t**2 - t. Determine m(1).
4
Let v(q) = 2*q**2 - q - 7. Determine v(0).
-7
Let f(v) = -3*v**2 - 14*v - 45. Calculate f(-6).
-69
Let w(u) = -8*u - 74. Calculate w(-10).
6
Let v(g) = 14*g + 1. What is v(5)?
71
Let z(j) = j**2 - 8*j - 8. What is z(7)?
-15
Let y(u) = 3*u + 3. Give y(5).
18
Let y(z) = z - 8. What is y(5)?
-3
Let n(i) = -i**2 + i + 52. What is n(-6)?
10
Let z(a) = 2*a**2 - 2. Determine z(5).
48
Let c(d) = -6*d**3 - 2*d**2 - 4*d - 3. Calculate c(-1).
5
Let m(o) = -29*o**3 + o**2 + 2*o. Determine m(-1).
28
Let l(d) = d**3 + 20*d**2 + 17*d - 40. What is l(-19)?
-2
Let n(k) = -23*k - 9. Determine n(2).
-55
Let g(q) = 8*q - 25. Calculate g(5).
15
Let y(a) = -253*a + 259. Calculate y(1).
6
Let i(c) = -c**3 + 4*c**2 + 2*c - 6. Give i(4).
2
Let q(j) = 19*j - 830. Determine q(44).
6
Let y(g) = 9*g - 81. Calculate y(8).
-9
Let s(q) = 14*q + 39. Determine s(-3).
-3
Let d(w) = -w + 4. What is d(3)?
1
Let u(g) = -g**3 - 7*g**2 + g + 4. Give u(-7).
-3
Let p(b) = b**3 - 11*b**2 + 9*b - 6. What is p(10)?
-16
Let v(l) = 6*l - 52. Determine v(9).
2
Let t(z) = z**3 - 2*z**2 - 9*z + 11. What is t(5)?
41
Let b(a) = -8*a**3 - a**2 + 2*a - 2. Give b(1).
-9
Let y(o) = -2*o + 4. Calculate y(-16).
36
Let d(y) = 21*y + 1. Determine d(0).
1
Let g(u) = 7*u + 4. Give g(3).
25
Let v(l) = -3*l**3 + 8*l - 4. Calculate v(2).
-12
Let s(q) = -q**3 + 15*q**2 - 48*q + 16. Calculate s(12).
-128
Let h(k) = 4*k - 7. Calculate h(2).
1
Let o(k) = 20*k. Calculate o(1).
20
Let d(r) = 7*r**3 - r**2. Give d(1).
6
Let c(s) = -s**3 + 19*s**2 + 22*s + 21. Give c(20).
61
Let m(v) = v**3 + v**2 + v - 5. Calculate m(0).
-5
Let n(i) = -i**2 + 15*i - 6. Give n(6).
48
Let r(g) = -5*g + 4. What is r(5)?
-21
Let q(m) = -m**2 - 16*m + 19. Determine q(-18).
-17
Let t(c) = c**2 - 10*c - 4. What is t(6)?
-28
Let s(d) = 3*d + 29. Determine s(-10).
-1
Let x(n) = -4*n**2 + 27*n + 1. What is x(7)?
-6
Let f(l) = l**3 - 8*l**2 - 4*l + 3. Determine f(8).
-29
Let i(j) = j**3 - 17*j**2 + 48*j + 59. What is i(13)?
7
Let a(q) = -2*q**3 - 25*q**2 - 15*q - 20. Give a(-12).
16
Let o(i) = -103*i - 820. Give o(-8).
4
Let x(t) = 3*t**3 + t**2 - 3*t. What is x(-2)?
-14
Let q(b) = b**2 + b - 3. What is q(-3)?
3
Let x(i) = i**3 - 4*i**2 - 2*i + 27. What is x(5)?
42
Let i(s) = -s**3 + 13*s**2 - 11*s - 14. Determine i(12).
-2
Let f(i) = i**3 - 5*i**2 + 3*i - 1. What is f(3)?
-10
Let l(g) = -16*g + 30. Determine l(2).
-2
Let p(b) = b**3 - 13*b**2 - 15*b + 12. Give p(14).
-2
Let x(u) = -u**3 - 16*u**2 - 30*u + 116. What is x(-13)?
-1
Let m(h) = h**2 - 44*h + 309. What is m(35)?
-6
Let j(x) = 5*x + 6. Calculate j(-4).
-14
Let j(s) = s - 19. Give j(16).
-3
Let w(b) = 79*b + 616. What is w(-8)?
-16
Let m(p) = p**3 - 11*p**2 - 2*p + 12. Determine m(11).
-10
Let r(w) = w**3 + 12*w**2 - 33*w - 7. Give r(-14).
63
Let k(m) = m**3 - 2*m**2 + m - 1. Give k(3).
11
Let m(s) = 2*s**3 - 6*s**2 + 4. Determine m(3).
4
Let f(w) = -5*w**2 + 17*w + 6. Calculate f(3).
12
Let u(m) = m**3 + 9*m**2 + 5*m - 8. What is u(-2)?
10
Let o(b) = -15*b + 123. Give o(8).
3
Let a(q) = q + 44. What is a(-39)?
5
Let h(d) = -2*d**2 + 17*d - 14. Determine h(8).
-6
Let w(x) = 5*x**2 - 2*x - 1. Give w(-1).
6
Let p(c) = 3*c**3 + 3*c**2 + 2*c + 1. What is p(-2)?
-15
Let g(a) = a - 4. Calculate g(-1).
-5
Let g(i) = i**3 + 3*i**2 + 4*i + 3. Determine g(-3).
-9
Let g(k) = -21*k - 11. Determine g(-6).
115
Let z(s) = s + 2. What is z(7)?
9
Let y(s) = -s**3 + 10*s**2 - 9*s - 10. What is y(9)?
-10
Let h(s) = 14*s + 861. Calculate h(-62).
-7
Let n(w) = -w**2 + 30*w - 194. Determine n(10).
6
Let b(p) = p**3 + 8*p**2 - 12*p + 12. Calculate b(-9).
39
Let j(q) = 3*q**2 - 69*q + 33. What is j(23)?
33
Let p(m) = -m**2 + 8*m - 4. Calculate p(7).
3
Let y(w) = w**2 + 5*w - 3. What is y(-5)?
-3
Let h(b) = -b**3 - 6*b**2 + 7*b - 7. What is h(-7)?
-7
Let y(h) = 5*h**2 + 2*h - 1. Determine y(-2).
15
Let r(q) = -36*q**3 - q**2 + 1. Calculate r(-1).
36
Let c(n) = 149*n - 4. Determine c(0).
-4
Let i(o) = -10*o**3 - 249*o**2 + 27*o + 21. What is i(-25)?
-29
Let k(i) = -i**2 + 33*i - 173. Give k(26).
9
Let y(m) = -2*m**2 + 3*m + 23. What is y(4)?
3
Let q(u) = 8*u - 30. Determine q(4).
2
Let b(l) = 7*l + 24. Calculate b(-3).
3
Let v(m) = 2*m**3 + 4. Give v(-2).
-12
Let u(d) = -2*d**3. Give u(-2).
16
Let b(z) = z**3 - 5*z**2 - 7*z + 10. What is b(6)?
4
Let f(m) = -3*m - 11. What is f(-7)?
10
Let c(y) = -5*y**2 + 24*y + 15. Give c(4).
31
Let j(p) = -p**3 + 10*p**2 + p - 17. What is j(9)?
73
Let v(d) = -d**3 - 2*d**2 - d. Give v(-4).
36
Let b(v) = 2*v**3 + 27*v**2 - 15*v + 29. Calculate b(-14).
43
Let w(j) = -8*j - 103. What is w(-14)?
9
Let n(z) = -34*z - 407. Give n(-12).
1
Let c(y) = y**2 + 7*y + 8. What is c(-8)?
16
Let l(t) = -9*t - 3. Give l(4).
-39
Let x(c) = c**3 - 8*c**2 - 4*c + 3. What is x(9)?
48
Let v(l) = -l**3 - 10*l**2 - 11*l + 8. Give v(-8).
-32
Let u(b) = -8*b**2 + 106*b - 37. Give u(13).
-11
Let v(k) = 14*k - 11. Give v(-2).
-39
Let q(g) = -g**2 + 11. Calculate q(-4).
-5
Let f(d) = d**2 + 7*d - 24. Determine f(-10).
6
Let f(t) = -5*t**2 + 2. Give f(-2).
-18
Let t(u) = 2*u**2 + 18*u - 56. Give t(3).
16
Let q(j) = -9*j + 48. Determine q(3).
21
Let r(i) = 8*i - 20. Determine r(4).
12
Let o(t) = -t**3 - 3*t**2 + 7*t + 5. Give o(-4).
-7
Let s(o) = -o**3 + 9*o**2 + 3*o - 18. Calculate s(7).
101
Let j(r) = r**3 + 3*r**2 - 4*r - 6. Calculate j(-3).
6
Let c(o) = 7*o**3 + 3*o. What is c(2)?
62
Let v(o) = -3*o**2 - 9*o + 79. Determine v(-8).
-41
Let a(u) = -u**2 + 2*u + 1. Give a(2).
1
Let l(n) = -12*n**2 + 85*n - 5. Calculate l(7).
2
Let z(p) = 3*p**2 + 3*p - 2. Calculate z(-3).
16
Let q(g) = 2*g**2 + 29*g + 14. Determine q(-14).
0
Let n(b) = -b**2 + 8*b - 4. Calculate n(8).
-4
Let h(b) = 11*b**2 + 4*b + 1. Determine h(-3).
88
Let l(i) = i**3 - 13*i**2 - i + 12. Calculate l(13).
-1
Let p(s) = 4*s**2 + 3*s + 3. Determine p(-3).
30
Let i(p) = -9*p**3 + p**2 - p - 1. Determine i(-1).
10
Let r(l) = -l**3 + 3*l**2 + l - 3. Determine r(2).
3
Let k(g) = -g**3 - 43*g**2 - 84*g - 93. Give k(-41).
-11
Let c(p) = 5*p - 84. Calculate c(14).
-14
Let o(k) = 2*k**2 + 11*k + 10. Determine o(-4).
-2
Let z(g) = -g**2 + 2*g - 10. Determine z(5).
-25
Let t(i) = -2*i**3 + 5*i**2 + 5*i + 6. Determine t(3).
12
Let i(q) = 3*q**3 + q**2 + 4*q + 3. Calculate i(-2).
-25
Let a(z) = -z**3 - 3*z + 2. What is a(1)?
-2
Let n(z) = z**3 - 9*z**2 - 30*z + 92. Determine n(11).
4
Let f(x) = -7*x**3 - 3*x**2 - x + 2. Determine f(1).
-9
Let v(d) = -d**3 + 11*d**2 - 4*d + 48. What is v(11)?
4
Let p(h) = -h**3 + 10*h**2 - 2*h + 13. Give p(10).
-7
Let a(u) = 2*u**2 - u + 1. Calculate a(2).
7
Let g(p) = -p**3 - 7*p**2 + 6*p - 3. Determine g(-8).
13
Let d(k) = 3*k + 172. What is d(-55)?
7
Let l(t) = t**2 - 4*t - 5. What is l(3)?
-8
Let z(a) = a**3 + 11*a**2 + 10*a + 13. Determine z(-10).
13
Let r(m) = -m**3 - 17*m**2 + 18*m + 7. Give r(-18).
7
Let g(t) = -t + 17. Give g(25).
-8
Let i(h) = -2*h**3 - 17*h**2 + 9*h + 28. Determine i(-9).
28
Let j(x) = x**3 - 38*x**2 - 44*x + 150. Determine j(39).
-45
Let j(w) = -w**3 - 15*w**2 + 16*w + 20. Calculate j(-16).
20
Let l(x) = x**2 + 4*x + 10. Give l(-6).
22
Let l(j) = 3*j + 10. What is l(0)?
10
Let b(i) = -i**3 + 10*i**2 - 15*i. Determine b(8).
8
Let y(p) = -2*p - 6. Calculate y(5).
-16
Let u(v) = -5*v + 246. Determine u(50).
-4
Let b(h) = 9*h - 133. Give b(14).
-7
Let f(a) = a**3 - 10*a**2 + 8*a - 7. What is f(9)?
-16
Let u(o) = -20*o + 40. What is u(2)?
0
Let h(t) = -3*t**2 - 5*t - 12. Determine h(-4).
-40
Let x(t) = -3*t + 46. Calculate x(17).
-5
Let b(f) = -f**2 + 2*f + 12. Calculate b(9).
-51
Let b(y) = -2*y**3 + 3*y + 4. Calculate b(3).
-41
Let t(n) = 2*n - 14. Calculate t(12).
10
Let t(b) = 3*b - 48. What is t(16)?
0
Let m(l) = -l**2 + 5*l - 8. Give m(6).
-14
